{"id":166,"date":"2025-09-30T07:56:47","date_gmt":"2025-09-30T07:56:47","guid":{"rendered":"https:\/\/auditoriovedruna.com\/?page_id=166"},"modified":"2025-10-02T15:00:44","modified_gmt":"2025-10-02T15:00:44","slug":"nosotrs-sobre-auditorio-vedruna","status":"publish","type":"page","link":"https:\/\/auditoriovedruna.com\/?page_id=166","title":{"rendered":""},"content":{"rendered":"\n<div class=\"wp-block-group is-layout-flow wp-container-core-group-is-layout-2a668712 wp-block-group-is-layout-flow\" style=\"margin-top:0;margin-bottom:0;padding-top:0;padding-right:0;padding-bottom:0;padding-left:0\">\n<div class=\"wp-block-group is-vertical is-content-justification-center is-layout-flex wp-container-core-group-is-layout-cbd29873 wp-block-group-is-layout-flex\" style=\"margin-top:0;margin-bottom:0;padding-top:var(--wp--preset--spacing--80);padding-right:var(--wp--preset--spacing--60);padding-bottom:var(--wp--preset--spacing--80);padding-left:var(--wp--preset--spacing--60)\" data-aos=\"slide-up\">\n<h1 class=\"wp-block-heading has-text-align-center\">Sobre Auditorio Vedruna<\/h1>\n\n\n\n<p class=\"has-text-align-center\">El <strong>Auditorio Vedruna<\/strong> es mucho m\u00e1s que un sal\u00f3n de actos reformado: es el nuevo coraz\u00f3n cultural de San Fernando, un espacio de encuentro, arte y comunidad que renace con energ\u00eda. Tras su intervenci\u00f3n, emerge como un punto neur\u00e1lgico para la expresi\u00f3n art\u00edstica, la cultura local y los espect\u00e1culos.<\/p>\n<\/div>\n\n\n\n<div class=\"wp-block-group has-background is-layout-flow wp-block-group-is-layout-flow\" style=\"background:linear-gradient(0deg,rgba(7,146,227,0) 0%,rgba(184,240,0,0.34) 100%)\">\n<div class=\"wp-block-group is-style-default is-layout-flow wp-container-core-group-is-layout-44e57896 wp-block-group-is-layout-flow\" style=\"padding-top:var(--wp--preset--spacing--80);padding-right:var(--wp--preset--spacing--60);padding-bottom:var(--wp--preset--spacing--80);padding-left:var(--wp--preset--spacing--60)\" data-aos=\"slide-up\">\n<h2 class=\"wp-block-heading has-text-align-center\"><strong>Nuestra Historia<\/strong><\/h2>\n\n\n\n<p class=\"has-text-align-center\">Originalmente concebido como sal\u00f3n de actos del Colegio Vedruna, este espacio ha sido testigo durante d\u00e9cadas del devenir educativo y comunitario de nuestra ciudad. Tras las mejoras realizadas recientemente, se le ha dotado de nuevos recursos t\u00e9cnicos, y posibilidades esc\u00e9nicas.<\/p>\n\n\n\n<p class=\"has-text-align-center\">Hoy, ese sal\u00f3n cobra nueva vida como auditorio cultural, concebido para acoger obras de teatro, m\u00fasica, danza, conferencias, ciclos locales y otras manifestaciones art\u00edsticas con la m\u00e1s alta calidad.&nbsp;<\/p>\n<\/div>\n\n\n\n<hr class=\"wp-block-separator has-alpha-channel-opacity\"\/>\n\n\n\n<div class=\"wp-block-group is-vertical is-content-justification-center is-layout-flex wp-container-core-group-is-layout-944f0c6f wp-block-group-is-layout-flex\" style=\"padding-top:0;padding-right:var(--wp--preset--spacing--60);padding-bottom:0;padding-left:var(--wp--preset--spacing--60)\">\n<div class=\"wp-block-group is-layout-flow wp-container-core-group-is-layout-f376de0f wp-block-group-is-layout-flow\" style=\"padding-right:var(--wp--preset--spacing--80);padding-left:var(--wp--preset--spacing--80)\">\n<div class=\"wp-block-group is-nowrap is-layout-flex wp-container-core-group-is-layout-33f99c0d wp-block-group-is-layout-flex\" style=\"border-radius:10px;min-height:0px;padding-top:var(--wp--preset--spacing--60);padding-bottom:var(--wp--preset--spacing--60)\" data-aos=\"flip-up\">\n<p class=\"has-text-align-right\">Promover la cultura como motor de transformaci\u00f3n social, brindando un espacio accesible donde artistas, asociaciones y ciudadanos compartan experiencias esc\u00e9nicas con un p\u00fablico diverso.<\/p>\n\n\n\n<div class=\"wp-block-group has-background has-global-padding is-layout-constrained wp-container-core-group-is-layout-e911eaea wp-block-group-is-layout-constrained\" style=\"border-radius:10px;background-color:#b8f000;min-height:150px;padding-top:var(--wp--preset--spacing--40);padding-right:var(--wp--preset--spacing--60);padding-bottom:var(--wp--preset--spacing--40);padding-left:var(--wp--preset--spacing--60)\">\n<figure class=\"wp-block-image aligncenter size-full is-resized wp-duotone-unset-1\" style=\"margin-right:0;margin-left:0\"><img loading=\"lazy\" decoding=\"async\" width=\"244\" height=\"200\" src=\"https:\/\/auditoriovedruna.com\/wp-content\/uploads\/2025\/10\/mission-e1759415736185.png\" alt=\"\" class=\"wp-image-334\" style=\"width:111px;height:auto\"\/><\/figure>\n\n\n\n<h2 class=\"wp-block-heading has-text-align-center\"><strong>Misi\u00f3n<\/strong><\/h2>\n<\/div>\n<\/div>\n\n\n\n<div class=\"wp-block-group is-nowrap is-layout-flex wp-container-core-group-is-layout-33f99c0d wp-block-group-is-layout-flex\" style=\"border-radius:10px;min-height:0px;padding-top:var(--wp--preset--spacing--60);padding-bottom:var(--wp--preset--spacing--60)\" data-aos=\"flip-up\">\n<div class=\"wp-block-group has-background has-global-padding is-layout-constrained wp-container-core-group-is-layout-e911eaea wp-block-group-is-layout-constrained\" style=\"border-radius:10px;background-color:#b8f000;min-height:150px;padding-top:var(--wp--preset--spacing--40);padding-right:var(--wp--preset--spacing--60);padding-bottom:var(--wp--preset--spacing--40);padding-left:var(--wp--preset--spacing--60)\">\n<figure class=\"wp-block-image aligncenter size-full is-resized wp-duotone-unset-2\" style=\"margin-right:0;margin-left:0\"><img loading=\"lazy\" decoding=\"async\" width=\"288\" height=\"167\" src=\"https:\/\/auditoriovedruna.com\/wp-content\/uploads\/2025\/10\/vision-e1759415720609.png\" alt=\"\" class=\"wp-image-333\" style=\"width:164px;height:auto\"\/><\/figure>\n\n\n\n<h2 class=\"wp-block-heading has-text-align-center\"><strong>Visi\u00f3n<\/strong> <\/h2>\n<\/div>\n\n\n\n<p class=\"has-text-align-left\">Ser referencia en la ciudad como auditorio de calidad, sostenible y abierto, capaz de articular redes culturales e impulsar el talento local.<\/p>\n<\/div>\n\n\n\n<div class=\"wp-block-group is-content-justification-center is-nowrap is-layout-flex wp-container-core-group-is-layout-f5622245 wp-block-group-is-layout-flex\" style=\"border-radius:10px;min-height:0px;padding-top:var(--wp--preset--spacing--60);padding-bottom:var(--wp--preset--spacing--60)\" data-aos=\"flip-up\">\n<p class=\"has-text-align-right\">Comunidad, inclusi\u00f3n, innovaci\u00f3n, calidad, compromiso local, sostenibilidad.<\/p>\n\n\n\n<div class=\"wp-block-group has-background has-global-padding is-layout-constrained wp-container-core-group-is-layout-e911eaea wp-block-group-is-layout-constrained\" style=\"border-radius:10px;background-color:#b8f000;min-height:150px;padding-top:var(--wp--preset--spacing--40);padding-right:var(--wp--preset--spacing--60);padding-bottom:var(--wp--preset--spacing--40);padding-left:var(--wp--preset--spacing--60)\">\n<figure class=\"wp-block-image aligncenter size-full is-resized wp-duotone-unset-3\" style=\"margin-right:0;margin-left:0\"><img loading=\"lazy\" decoding=\"async\" width=\"196\" height=\"185\" src=\"https:\/\/auditoriovedruna.com\/wp-content\/uploads\/2025\/10\/value-e1759415697336.png\" alt=\"\" class=\"wp-image-332\" style=\"width:109px;height:auto\"\/><\/figure>\n\n\n\n<h2 class=\"wp-block-heading has-text-align-center\"><strong>Valores<\/strong><\/h2>\n<\/div>\n<\/div>\n<\/div>\n<\/div>\n\n\n\n<hr class=\"wp-block-separator has-alpha-channel-opacity\"\/>\n<\/div>\n\n\n\n<div class=\"wp-block-group is-vertical is-content-justification-center is-layout-flex wp-container-core-group-is-layout-23d33374 wp-block-group-is-layout-flex\" style=\"padding-top:var(--wp--preset--spacing--80);padding-right:var(--wp--preset--spacing--60);padding-bottom:var(--wp--preset--spacing--80);padding-left:var(--wp--preset--spacing--60)\" data-aos=\"slide-up\">\n<h2 class=\"wp-block-heading\"><strong>Caracter\u00edsticas y prestaciones<\/strong><\/h2>\n\n\n\n<ul class=\"wp-block-list\">\n<li>Aforo optimizado para asegurar una experiencia \u00edntima sin perder la escala necesaria para eventos de mediana magnitud.<\/li>\n\n\n\n<li>Tecnolog\u00eda de \u00faltima generaci\u00f3n en iluminaci\u00f3n, sonido, proyecci\u00f3n esc\u00e9nica y control t\u00e9cnico.<\/li>\n\n\n\n<li>Un equipo t\u00e9cnico y humano comprometido con cada evento: desde el montaje hasta la recepci\u00f3n, asegurando que cada espect\u00e1culo se viva con excelencia.<\/li>\n<\/ul>\n<\/div>\n\n\n\n<div class=\"wp-block-group has-background is-vertical is-content-justification-center is-layout-flex wp-container-core-group-is-layout-23d33374 wp-block-group-is-layout-flex\" style=\"background-color:#b7f000;padding-top:var(--wp--preset--spacing--80);padding-right:var(--wp--preset--spacing--60);padding-bottom:var(--wp--preset--spacing--80);padding-left:var(--wp--preset--spacing--60)\" data-aos=\"zoom-in\">\n<h2 class=\"wp-block-heading\"><strong><strong>Un espacio para todos<\/strong><\/strong><\/h2>\n\n\n\n<p class=\"has-text-align-center\">Creemos que la cultura debe ser un derecho, no un privilegio. Por eso, el Auditorio Vedruna abrir\u00e1 sus puertas a asociaciones, colectivos, escuelas, creadores emergentes y programaciones profesionales. Desde m\u00fasica local hasta espect\u00e1culos de renombre,&nbsp;<\/p>\n<\/div>\n\n\n\n<div class=\"wp-block-group has-background is-vertical is-content-justification-center is-layout-flex wp-container-core-group-is-layout-23d33374 wp-block-group-is-layout-flex\" style=\"background-color:#00000008;padding-top:var(--wp--preset--spacing--80);padding-right:var(--wp--preset--spacing--60);padding-bottom:var(--wp--preset--spacing--80);padding-left:var(--wp--preset--spacing--60)\" data-aos=\"slide-up\">\n<h2 class=\"wp-block-heading\"><strong>Invitaci\u00f3n<\/strong><\/h2>\n\n\n\n<p class=\"has-text-align-center\">El Auditorio Vedruna es de todos. Bienvenid@ a este nuevo escenario en San Fernando, donde cada aplauso celebra el nacimiento de una nueva ventana cultural.<\/p>\n<\/div>\n<\/div>\n","protected":false},"excerpt":{"rendered":"<p>Sobre Auditorio Vedruna El Auditorio Vedruna es mucho m\u00e1s que un sal\u00f3n de actos reformado: es el nuevo coraz\u00f3n cultural de San Fernando, un espacio de encuentro, arte y comunidad que renace con energ\u00eda. Tras su intervenci\u00f3n, emerge como un punto neur\u00e1lgico para la expresi\u00f3n art\u00edstica, la cultura local y los espect\u00e1culos. Nuestra Historia Originalmente [&hellip;]<\/p>\n","protected":false},"author":1,"featured_media":0,"parent":0,"menu_order":0,"comment_status":"closed","ping_status":"closed","template":"","meta":{"footnotes":""},"class_list":["post-166","page","type-page","status-publish","hentry"],"_links":{"self":[{"href":"https:\/\/auditoriovedruna.com\/index.php?rest_route=\/wp\/v2\/pages\/166","targetHints":{"allow":["GET"]}}],"collection":[{"href":"https:\/\/auditoriovedruna.com\/index.php?rest_route=\/wp\/v2\/pages"}],"about":[{"href":"https:\/\/auditoriovedruna.com\/index.php?rest_route=\/wp\/v2\/types\/page"}],"author":[{"embeddable":true,"href":"https:\/\/auditoriovedruna.com\/index.php?rest_route=\/wp\/v2\/users\/1"}],"replies":[{"embeddable":true,"href":"https:\/\/auditoriovedruna.com\/index.php?rest_route=%2Fwp%2Fv2%2Fcomments&post=166"}],"version-history":[{"count":41,"href":"https:\/\/auditoriovedruna.com\/index.php?rest_route=\/wp\/v2\/pages\/166\/revisions"}],"predecessor-version":[{"id":365,"href":"https:\/\/auditoriovedruna.com\/index.php?rest_route=\/wp\/v2\/pages\/166\/revisions\/365"}],"wp:attachment":[{"href":"https:\/\/auditoriovedruna.com\/index.php?rest_route=%2Fwp%2Fv2%2Fmedia&parent=166"}],"curies":[{"name":"wp","href":"https:\/\/api.w.org\/{rel}","templated":true}]}}

<div class="wp-block-group is-layout-flow wp-container-core-group-is-layout-2a668712 wp-block-group-is-layout-flow" style="margin-top:0;margin-bottom:0;padding-top:0;padding-right:0;padding-bottom:0;padding-left:0">
<div class="wp-block-group is-vertical is-content-justification-center is-layout-flex wp-container-core-group-is-layout-cbd29873 wp-block-group-is-layout-flex" style="margin-top:0;margin-bottom:0;padding-top:var(--wp--preset--spacing--80);padding-right:var(--wp--preset--spacing--60);padding-bottom:var(--wp--preset--spacing--80);padding-left:var(--wp--preset--spacing--60)" data-aos="slide-up">
<h1 class="wp-block-heading has-text-align-center">Sobre Auditorio Vedruna</h1>



<p class="has-text-align-center">El <strong>Auditorio Vedruna</strong> es mucho más que un salón de actos reformado: es el nuevo corazón cultural de San Fernando, un espacio de encuentro, arte y comunidad que renace con energía. Tras su intervención, emerge como un punto neurálgico para la expresión artística, la cultura local y los espectáculos.</p>
</div>



<div class="wp-block-group has-background is-layout-flow wp-block-group-is-layout-flow" style="background:linear-gradient(0deg,rgba(7,146,227,0) 0%,rgba(184,240,0,0.34) 100%)">
<div class="wp-block-group is-style-default is-layout-flow wp-container-core-group-is-layout-44e57896 wp-block-group-is-layout-flow" style="padding-top:var(--wp--preset--spacing--80);padding-right:var(--wp--preset--spacing--60);padding-bottom:var(--wp--preset--spacing--80);padding-left:var(--wp--preset--spacing--60)" data-aos="slide-up">
<h2 class="wp-block-heading has-text-align-center"><strong>Nuestra Historia</strong></h2>



<p class="has-text-align-center">Originalmente concebido como salón de actos del Colegio Vedruna, este espacio ha sido testigo durante décadas del devenir educativo y comunitario de nuestra ciudad. Tras las mejoras realizadas recientemente, se le ha dotado de nuevos recursos técnicos, y posibilidades escénicas.</p>



<p class="has-text-align-center">Hoy, ese salón cobra nueva vida como auditorio cultural, concebido para acoger obras de teatro, música, danza, conferencias, ciclos locales y otras manifestaciones artísticas con la más alta calidad.&nbsp;</p>
</div>



<hr class="wp-block-separator has-alpha-channel-opacity"/>



<div class="wp-block-group is-vertical is-content-justification-center is-layout-flex wp-container-core-group-is-layout-944f0c6f wp-block-group-is-layout-flex" style="padding-top:0;padding-right:var(--wp--preset--spacing--60);padding-bottom:0;padding-left:var(--wp--preset--spacing--60)">
<div class="wp-block-group is-layout-flow wp-container-core-group-is-layout-f376de0f wp-block-group-is-layout-flow" style="padding-right:var(--wp--preset--spacing--80);padding-left:var(--wp--preset--spacing--80)">
<div class="wp-block-group is-nowrap is-layout-flex wp-container-core-group-is-layout-33f99c0d wp-block-group-is-layout-flex" style="border-radius:10px;min-height:0px;padding-top:var(--wp--preset--spacing--60);padding-bottom:var(--wp--preset--spacing--60)" data-aos="flip-up">
<p class="has-text-align-right">Promover la cultura como motor de transformación social, brindando un espacio accesible donde artistas, asociaciones y ciudadanos compartan experiencias escénicas con un público diverso.</p>



<div class="wp-block-group has-background has-global-padding is-layout-constrained wp-container-core-group-is-layout-e911eaea wp-block-group-is-layout-constrained" style="border-radius:10px;background-color:#b8f000;min-height:150px;padding-top:var(--wp--preset--spacing--40);padding-right:var(--wp--preset--spacing--60);padding-bottom:var(--wp--preset--spacing--40);padding-left:var(--wp--preset--spacing--60)">
<figure class="wp-block-image aligncenter size-full is-resized wp-duotone-unset-1" style="margin-right:0;margin-left:0"><img loading="lazy" decoding="async" width="244" height="200" src="https://auditoriovedruna.com/wp-content/uploads/2025/10/mission-e1759415736185.png" alt="" class="wp-image-334" style="width:111px;height:auto"/></figure>



<h2 class="wp-block-heading has-text-align-center"><strong>Misión</strong></h2>
</div>
</div>



<div class="wp-block-group is-nowrap is-layout-flex wp-container-core-group-is-layout-33f99c0d wp-block-group-is-layout-flex" style="border-radius:10px;min-height:0px;padding-top:var(--wp--preset--spacing--60);padding-bottom:var(--wp--preset--spacing--60)" data-aos="flip-up">
<div class="wp-block-group has-background has-global-padding is-layout-constrained wp-container-core-group-is-layout-e911eaea wp-block-group-is-layout-constrained" style="border-radius:10px;background-color:#b8f000;min-height:150px;padding-top:var(--wp--preset--spacing--40);padding-right:var(--wp--preset--spacing--60);padding-bottom:var(--wp--preset--spacing--40);padding-left:var(--wp--preset--spacing--60)">
<figure class="wp-block-image aligncenter size-full is-resized wp-duotone-unset-2" style="margin-right:0;margin-left:0"><img loading="lazy" decoding="async" width="288" height="167" src="https://auditoriovedruna.com/wp-content/uploads/2025/10/vision-e1759415720609.png" alt="" class="wp-image-333" style="width:164px;height:auto"/></figure>



<h2 class="wp-block-heading has-text-align-center"><strong>Visión</strong> </h2>
</div>



<p class="has-text-align-left">Ser referencia en la ciudad como auditorio de calidad, sostenible y abierto, capaz de articular redes culturales e impulsar el talento local.</p>
</div>



<div class="wp-block-group is-content-justification-center is-nowrap is-layout-flex wp-container-core-group-is-layout-f5622245 wp-block-group-is-layout-flex" style="border-radius:10px;min-height:0px;padding-top:var(--wp--preset--spacing--60);padding-bottom:var(--wp--preset--spacing--60)" data-aos="flip-up">
<p class="has-text-align-right">Comunidad, inclusión, innovación, calidad, compromiso local, sostenibilidad.</p>



<div class="wp-block-group has-background has-global-padding is-layout-constrained wp-container-core-group-is-layout-e911eaea wp-block-group-is-layout-constrained" style="border-radius:10px;background-color:#b8f000;min-height:150px;padding-top:var(--wp--preset--spacing--40);padding-right:var(--wp--preset--spacing--60);padding-bottom:var(--wp--preset--spacing--40);padding-left:var(--wp--preset--spacing--60)">
<figure class="wp-block-image aligncenter size-full is-resized wp-duotone-unset-3" style="margin-right:0;margin-left:0"><img loading="lazy" decoding="async" width="196" height="185" src="https://auditoriovedruna.com/wp-content/uploads/2025/10/value-e1759415697336.png" alt="" class="wp-image-332" style="width:109px;height:auto"/></figure>



<h2 class="wp-block-heading has-text-align-center"><strong>Valores</strong></h2>
</div>
</div>
</div>
</div>



<hr class="wp-block-separator has-alpha-channel-opacity"/>
</div>



<div class="wp-block-group is-vertical is-content-justification-center is-layout-flex wp-container-core-group-is-layout-23d33374 wp-block-group-is-layout-flex" style="padding-top:var(--wp--preset--spacing--80);padding-right:var(--wp--preset--spacing--60);padding-bottom:var(--wp--preset--spacing--80);padding-left:var(--wp--preset--spacing--60)" data-aos="slide-up">
<h2 class="wp-block-heading"><strong>Características y prestaciones</strong></h2>



<ul class="wp-block-list">
<li>Aforo optimizado para asegurar una experiencia íntima sin perder la escala necesaria para eventos de mediana magnitud.</li>



<li>Tecnología de última generación en iluminación, sonido, proyección escénica y control técnico.</li>



<li>Un equipo técnico y humano comprometido con cada evento: desde el montaje hasta la recepción, asegurando que cada espectáculo se viva con excelencia.</li>
</ul>
</div>



<div class="wp-block-group has-background is-vertical is-content-justification-center is-layout-flex wp-container-core-group-is-layout-23d33374 wp-block-group-is-layout-flex" style="background-color:#b7f000;padding-top:var(--wp--preset--spacing--80);padding-right:var(--wp--preset--spacing--60);padding-bottom:var(--wp--preset--spacing--80);padding-left:var(--wp--preset--spacing--60)" data-aos="zoom-in">
<h2 class="wp-block-heading"><strong><strong>Un espacio para todos</strong></strong></h2>



<p class="has-text-align-center">Creemos que la cultura debe ser un derecho, no un privilegio. Por eso, el Auditorio Vedruna abrirá sus puertas a asociaciones, colectivos, escuelas, creadores emergentes y programaciones profesionales. Desde música local hasta espectáculos de renombre,&nbsp;</p>
</div>



<div class="wp-block-group has-background is-vertical is-content-justification-center is-layout-flex wp-container-core-group-is-layout-23d33374 wp-block-group-is-layout-flex" style="background-color:#00000008;padding-top:var(--wp--preset--spacing--80);padding-right:var(--wp--preset--spacing--60);padding-bottom:var(--wp--preset--spacing--80);padding-left:var(--wp--preset--spacing--60)" data-aos="slide-up">
<h2 class="wp-block-heading"><strong>Invitación</strong></h2>



<p class="has-text-align-center">El Auditorio Vedruna es de todos. Bienvenid@ a este nuevo escenario en San Fernando, donde cada aplauso celebra el nacimiento de una nueva ventana cultural.</p>
</div>
</div>

<p>Sobre Auditorio Vedruna El Auditorio Vedruna es mucho más que un salón de actos reformado: es el nuevo corazón cultural de San Fernando, un espacio de encuentro, arte y comunidad que renace con energía. Tras su intervención, emerge como un punto neurálgico para la expresión artística, la cultura local y los espectáculos. Nuestra Historia Originalmente [&hellip;]</p>
